nd y?
12
Suppose 0 = 88*k - 85*k - 36. Calculate the greatest common factor of 96 and k.
12
Let o = -13 - -16. Suppose o*x = 5*x - 42. Calculate the highest common divisor of x and 7.
7
Suppose -y - 9 - 1 = 0. Let d be (-1)/(-3) - y/15. Let h be d - (0/(-1) + -1). What is the highest common factor of h and 5?
1
Let y = 437 + -311. Calculate the greatest common factor of y and 18.
18
Suppose 0 = 3*j - 405 + 75. Calculate the greatest common divisor of 10 and j.
10
Let s = -15 + 22. Let k(x) = -x - 2. Let g be k(-6). Suppose -4*i = -8*j + 3*j + 27, 2*j - g*i = 6. Calculate the greatest common divisor of j and s.
7
Suppose -93 = -s + j - 5*j, j = 4*s - 423. What is the greatest common divisor of s and 21?
21
Suppose -3*z = -c - 273, 0*z = -4*z + 2*c + 366. Let q(l) = -l**2 + 14*l - 4. Let k be q(13). Calculate the highest common factor of z and k.
9
Suppose 0 = r + 3*r. Let i(d) = d**2 + d + 51. Let w be i(r). Let n be (-2)/7 + w/7. Calculate the highest common divisor of 56 and n.
7
Suppose 0 = 4*k - 2*l - 430, 118 + 95 = 2*k - 3*l. Calculate the highest common divisor of k and 12.
12
Let x be -27*2/(-12)*2. Calculate the greatest common divisor of 3 and x.
3
Let d(u) = u**2 + 12*u + 17. Let j be d(-11). What is the greatest common factor of 30 and j?
6
Suppose 5*g + 3*u = 254, 4*u = 2*g + 2*u - 108. Let i(j) = 7*j - 1. Let p = -2 + 4. Let x be i(p). Calculate the highest common divisor of g and x.
13
Let y(b) = -3*b + 37. Let j be y(5). Let f(q) = 4*q**2 - 4*q + 3. Let z be f(2). What is the highest common factor of j and z?
11
Let n = -164 - -169. What is the highest common factor of 2 and n?
1
Let l(y) = y**3 + 6*y**2 + 3*y - 5. Let o be l(-4). Suppose -2*x - x + 45 = 0. Calculate the highest common factor of o and x.
15
Suppose 144 = 4*y - y. Calculate the greatest common factor of y and 72.
24
Suppose 4*u + 5*i - 99 = 0, -3*u - 3*i - 29 = -4*u. Suppose 2*z - u = n, 4*n - 2*n + 10 = z. Calculate the highest common divisor of 35 and z.
7
Let s be ((-30)/(-4))/(6/8). Suppose 2*g + 3*g = s. What is the greatest common factor of g and 14?
2
Let s = -7 - -9. Suppose 7 - s = j. Let t(x) = -x**2 + 5*x + 2. Let q be t(j). What is the highest common divisor of q and 8?
2
Let a = 11 + -10. Suppose 8 + a = v. What is the greatest common factor of 63 and v?
9
Let l = 0 + 0. Suppose l = -c + 2*k + 134, 2*c - 2*k - 410 = -c. Calculate the greatest common divisor of c and 23.
23
Suppose -8 = 2*v - 6*v. Suppose 0*j - 4*j + v*m = -40, -4*j - 5*m + 68 = 0. Calculate the highest common factor of 4 and j.
4
Let w = -16 - -51. What is the highest common divisor of 35 and w?
35
Suppose 2*p + 4*d = -2*p + 1116, -12 = -3*d. Calculate the highest common factor of p and 110.
55
Suppose 0 = 4*n - 7*n + 2*s - 13, -2*n - 2*s - 2 = 0. Let y(j) = -5*j**3 - 2*j**2 - 3*j + 2. Let r be y(n). Calculate the greatest common divisor of 16 and r.
16
Let w(s) = s**3 + 14*s**2 + 3. Let d be w(-14). What is the greatest common factor of d and 6?
3
Suppose -6 = 5*p - 2*p. Let w(b) = -3*b - 2. Let z be w(p). Let c(t) = -2*t - 2. Let l be c(-9). What is the highest common divisor of l and z?
4
Let p = 150 + -138. Let k be 47/1 + -1 + 2. Calculate the highest common divisor of k and p.
12
Let a be 2*(0 - -26)/(6/3). Calculate the highest common divisor of a and 2.
2
Let b be 100*-2*1/(-4). Let w be (1 - (4 + -23)) + 0. What is the greatest common divisor of b and w?
10
Let h(q) = -q**3 - 5*q**2 + 12. Let g be h(-5). What is the highest common divisor of g and 8?
4
Suppose 74 = 4*g - 2*d, -3 = 2*d + 3. What is the highest common factor of g and 17?
17
Let p be 0/(-4) + -2 + 5. Let w = 39 - 15. Calculate the greatest common divisor of w and p.
3
Suppose 0 = -2*z + z + 3. Calculate the highest common factor of 2 and z.
1
Let d be 34 + ((-8)/2 - 0). What is the greatest common factor of d and 75?
15
Suppose 2*y = y. Suppose 4*p - 3 - 1 = y. Let l = -1 + 5. What is the greatest common divisor of l and p?
1
Let d(w) = -18*w**2 - 2*w - 2. Let h be d(4). Let k be h/(-3) - (-2)/3. Let z = 177 - k. Calculate the greatest common divisor of z and 11.
11
Suppose 0 = -0*l + 4*l + 5*j - 2146, l = -5*j + 529. Let u = l + -337. Let d = -76 + u. What is the greatest common factor of 14 and d?
14
Suppose 3*b = -h + 5*b + 14, -2*h - 4*b - 12 = 0. Let y = 9 - 9. Suppose y = -2*l - 2*l + 176. Calculate the greatest common factor of l and h.
4
Let k = -74 + 112. What is the greatest common divisor of k and 19?
19
Suppose 5*n = -q + 3*q - 30, -q - 5 = 0. Let h be (10/(-8))/((-2)/n). Let p be (-281)/(-5) - (-1)/h. What is the highest common factor of 14 and p?
14
Let z(w) = 2*w**2 - 40*w + 30. Let x be z(20). Let q = -85 + 130. Calculate the greatest common divisor of x and q.
15
Suppose -2*w + 3*w = -c - 9, -2*w - 12 = 4*c. Let a be (-11)/3 - (-4)/w. Let l = a + 14. Calculate the highest common factor of l and 80.
10
Let n(x) = 21*x + 1. Let s be n(4). Calculate the highest common factor of 34 and s.
17
Suppose 0 = 2*b + 6, -5*v + 4 + 2 = 3*b. Suppose 18 = d + 3*u + u, -v*u + 16 = d. Calculate the highest common divisor of 10 and d.
10
Let k be (-3)/(3/(-20)) - (-24)/(-24). What is the greatest common factor of k and 114?
19
Let v be 2 + 19 + -1 - -1. Calculate the highest common divisor of v and 3.
3
Let f be (-3)/6*16/(-1). Let w be 4/f + (-1)/(-2). Let z be w/(-1 + (-25)/(-24)). Calculate the greatest common divisor of z and 6.
6
Let s = -14 - 1. Let p = 40 + s. What is the greatest common factor of 5 and p?
5
Let k(i) = i**2 + 2. Let x be k(-8). What is the highest common divisor of x and 6?
6
Suppose 8*y - 1 = 175. Calculate the greatest common divisor of y and 22.
22
Let k = 3 - 6. Let o(h) be the first derivative of -5*h**2/2 - 3*h + 9. Let t be o(k). What is the highest common factor of t and 6?
6
Suppose 5*t + 14 - 2 = s, s + t = 12. Let z be (s - 0 - 0) + 0. Let m = -6 - -10. What is the highest common factor of m and z?
4
Suppose x + 3 = -2*b, 0*x = -3*x + 3. Let u be 63/(-6)*(0 + b). What is the highest common factor of u and 7?
7
Suppose -9*h + 98 = -172. What is the greatest common factor of 3 and h?
3
Let y(f) = -f**2 - 3*f + 2. Let g be y(-3). Suppose -4*h = -g - 6. Let w be -1 + (-1 - h) + 20. Calculate the highest common factor of w and 80.
16
Let i be (-10)/1*(2 + -3). Let c = 21 + -11. Calculate the highest common factor of c and i.
10
Let p = -49 + 75. Let i = p - -22. Calculate the greatest common divisor of i and 6.
6
Let k = -156 + 86. Let j be k/7*6/(-10). Suppose j = 3*p - 24. What is the highest common factor of 5 and p?
5
Let t = -37 - -61. Let d = 11 - 54. Let n = 79 + d. What is the greatest common divisor of n and t?
12
Suppose -y = -0*y - 3. Let b(m) = -27*m - 2. Let x be b(-3). Suppose 15 = y*d, -p - p - 3*d + x = 0. What is the highest common factor of p and 8?
8
Let n = 0 + 3. Suppose 3*l - 2*h + 10 = 0, l = -l + n*h. Let k be ((-20)/l)/(3/9). What is the greatest common divisor of 110 and k?
10
Let n be ((-48)/(-9))/((-2)/(-3)). Calculate the highest common factor of 1 and n.
1
Suppose -10*r + 400 = -860. What is the greatest common factor of r and 14?
14
Suppose -4*v = -2*i - 46, 0*v = -v + 5*i + 34. Suppose 0 = -p - 0*p + v. What is the greatest common divisor of 9 and p?
9
Suppose 0 = -5*o - 3*x + 10, 2*o + 2*x = -0*x + 4. Suppose -2*k - k + 5*u = 7, 4*u = 3*k + 2. What is the greatest common divisor of k and o?
2
Let o(w) = 2*w - 2. Let t be o(5). Let r = 85 + -81. Calculate the greatest common divisor of r and t.
4
Let v = -10 + 45. What is the greatest common divisor of 14 and v?
7
Let r(a) = -2*a + 13. Let k be r(0). Let i(n) = 6*n - 3. Let f be i(k). Calculate the greatest common divisor of f and 15.
15
Let x = 380 + -151. Suppose -68 + x = 7*l. What is the highest common factor of 207 and l?
23
Let m be 2*(-1 + 243/6). Let b = m + -31. What is the greatest common factor of 6 and b?
6
Let s be (-4)/10 + (-6)/(-15). Suppose -b + s = -4. Let p(k) = k**3 - 3*k**2 + 4*k. Let a be p(4). What is the highest common divisor of b and a?
4
Let s(f) = 2*f**2 - 5*f - 5. Let x be s(-5). Let t = -5 - -19. What is the greatest common factor of x and t?
14
Let a be (-3 + (-7)/(-3))*-60. Suppose j + 5*p - 13 = 0, -4*j + 32 = -4*p + 4. Calculate the highest common factor of j and